{"id":284,"date":"2020-01-25T12:27:19","date_gmt":"2020-01-25T11:27:19","guid":{"rendered":"http:\/\/niehold.de\/wordpress\/?page_id=284"},"modified":"2022-11-05T15:02:22","modified_gmt":"2022-11-05T14:02:22","slug":"ferienhaus-am-gollinsee-gollin-ii","status":"publish","type":"page","link":"https:\/\/niehold.de\/wordpress\/ferienhaus-am-gollinsee-gollin-ii\/","title":{"rendered":"Ferienhaus am Gollinsee &#8211; Gollin II"},"content":{"rendered":"<div class=\"wp-block-image is-style-rounded\">\n<figure class=\"alignright size-large is-resized advgb-dyn-652a15ea\"><img loading=\"lazy\" decoding=\"async\" src=\"http:\/\/niehold.de\/wp-content\/uploads\/2020\/01\/IMG-20190422-WA0033-1024x768.jpg\" alt=\"\" class=\"wp-image-295\" width=\"287\" height=\"215\" srcset=\"https:\/\/niehold.de\/wp-content\/uploads\/2020\/01\/IMG-20190422-WA0033-1024x768.jpg 1024w, https:\/\/niehold.de\/wp-content\/uploads\/2020\/01\/IMG-20190422-WA0033-300x225.jpg 300w, https:\/\/niehold.de\/wp-content\/uploads\/2020\/01\/IMG-20190422-WA0033-768x576.jpg 768w, https:\/\/niehold.de\/wp-content\/uploads\/2020\/01\/IMG-20190422-WA0033-1536x1152.jpg 1536w, https:\/\/niehold.de\/wp-content\/uploads\/2020\/01\/IMG-20190422-WA0033.jpg 1600w\" sizes=\"auto, (max-width: 287px) 100vw, 287px\" \/><\/figure>\n<\/div>\n\n\n<p>Das Ferienhaus befindet sich in Gollin, am Ortsausgang, Richtung Vietmannsdorf, nur etwa 100 Meter bis zum Wald und 70 Meter bis zum Gro\u00dfen Gollinsee. Der Gollinsee ist ein Klarwassersee, und gilt als einer der saubersten Seen Brandenburgs. Es steht Ihnen ein Ruderboot zur Verf\u00fcgung mit dem Sie die 2,5 km lange Idylle des Sees erkunden und Ihr <span class='hurraki_tooltip' data-title='Gl\u00fcck' style='border-bottom:2px dotted #888;'>Gl\u00fcck<\/span> als Angler versuchen k\u00f6nnen. Die Landschaft des Biosph\u00e4renreservats Schorfheide-Chorin l\u00e4dt aber auch zum Wandern und Ausspannen ein.<\/p>\n\n\n\n<p>Lage: Das Ferienhaus steht am Ortsrand Gollins in Richtung Vietmannsdorf, direkt&nbsp; oberhalb des Gro\u00dfen Gollinsees. Das Grundst\u00fcck hat eine Fl\u00e4che von ca. 2200 m\u00b2 Das Ferienhaus eine Fl\u00e4che von ca. 45m\u00b2.<\/p>\n\n\n\n<p>Auslegung: f\u00fcr 1 bis 4 Personen,<\/p>\n\n\n\n<p>Ausstattung Innenbereich:<br>K\u00fcche: Elektroherd, K\u00fchlschrank mit Gefrierfach und vielen weiteren K\u00fcchenger\u00e4ten, Dusche und WC, Sitzecke, Sat-TV, gro\u00dfe Aussenterrasse mit Grill und Sitzecke<\/p>\n\n\n\n<p>zwei Schlafr\u00e4ume mit je einem Doppelbett<\/p>\n\n\n\n<p>Ausstattung Au\u00eeenbereich:<br>gro\u00dfer Wintergarten, Stellplatz f\u00fcr Kfz., Grillplatz mit Sitzecke, Liegewiese, W\u00e4scheplatz und genug sonstigen Platz zum Ballspielen oder herumtoben. Das Mitbringen von Haustieren ist nach Absprache m\u00f6glich.<\/p>\n\n\n\n<div class=\"wp-block-advgb-images-slider advgb-images-slider-block advgb-images-slider-lightbox advg-images-slider-e14d238a-5145-4ff9-9ff9-28bcf819dec0 advgb-dyn-9e59176d\"><div class=\"advgb-images-slider\" dir=\"ltr\"><div class=\"advgb-image-slider-item\"><img decoding=\"async\" src=\"http:\/\/niehold.de\/wp-content\/uploads\/2020\/01\/IMG-20190422-WA0034.jpg\" class=\"advgb-image-slider-img\" style=\"width:100%;height:auto\"\/><div class=\"advgb-image-slider-item-info\" style=\"justify-content:center;align-items:center\"><a class=\"advgb-image-slider-overlay\" target=\"_blank\" rel=\"noopener noreferrer\" href=\"#\"><\/a><\/div><\/div><div class=\"advgb-image-slider-item\"><img decoding=\"async\" src=\"http:\/\/niehold.de\/wp-content\/uploads\/2020\/01\/DSC_0387-scaled.jpg\" class=\"advgb-image-slider-img\" style=\"width:100%;height:auto\"\/><div class=\"advgb-image-slider-item-info\" style=\"justify-content:center;align-items:center\"><a class=\"advgb-image-slider-overlay\" target=\"_blank\" rel=\"noopener noreferrer\" href=\"#\"><\/a><\/div><\/div><div class=\"advgb-image-slider-item\"><img decoding=\"async\" src=\"http:\/\/niehold.de\/wp-content\/uploads\/2020\/01\/DSC_0386-1-scaled.jpg\" class=\"advgb-image-slider-img\" style=\"width:100%;height:auto\"\/><div class=\"advgb-image-slider-item-info\" style=\"justify-content:center;align-items:center\"><a class=\"advgb-image-slider-overlay\" target=\"_blank\" rel=\"noopener noreferrer\" href=\"#\"><\/a><\/div><\/div><div class=\"advgb-image-slider-item\"><img decoding=\"async\" src=\"http:\/\/niehold.de\/wp-content\/uploads\/2020\/01\/DSC_0390-scaled.jpg\" class=\"advgb-image-slider-img\" style=\"width:100%;height:auto\"\/><div class=\"advgb-image-slider-item-info\" style=\"justify-content:center;align-items:center\"><a class=\"advgb-image-slider-overlay\" target=\"_blank\" rel=\"noopener noreferrer\" href=\"#\"><\/a><\/div><\/div><div class=\"advgb-image-slider-item\"><img decoding=\"async\" src=\"http:\/\/niehold.de\/wp-content\/uploads\/2020\/01\/DSC_0391-scaled.jpg\" class=\"advgb-image-slider-img\" style=\"width:100%;height:auto\"\/><div class=\"advgb-image-slider-item-info\" style=\"justify-content:center;align-items:center\"><a class=\"advgb-image-slider-overlay\" target=\"_blank\" rel=\"noopener noreferrer\" href=\"#\"><\/a><\/div><\/div><div class=\"advgb-image-slider-item\"><img decoding=\"async\" src=\"http:\/\/niehold.de\/wp-content\/uploads\/2020\/01\/DSC_0386-scaled.jpg\" class=\"advgb-image-slider-img\" style=\"width:100%;height:auto\"\/><div class=\"advgb-image-slider-item-info\" style=\"justify-content:center;align-items:center\"><a class=\"advgb-image-slider-overlay\" target=\"_blank\" rel=\"noopener noreferrer\" href=\"#\"><\/a><\/div><\/div><div class=\"advgb-image-slider-item\"><img decoding=\"async\" src=\"http:\/\/niehold.de\/wp-content\/uploads\/2020\/01\/IMG-20190422-WA0031.jpg\" class=\"advgb-image-slider-img\" style=\"width:100%;height:auto\"\/><div class=\"advgb-image-slider-item-info\" style=\"justify-content:center;align-items:center\"><a class=\"advgb-image-slider-overlay\" target=\"_blank\" rel=\"noopener noreferrer\" href=\"#\"><\/a><\/div><\/div><div class=\"advgb-image-slider-item\"><img decoding=\"async\" src=\"http:\/\/niehold.de\/wp-content\/uploads\/2020\/01\/IMG_20190422_142034-1-scaled.jpg\" class=\"advgb-image-slider-img\" style=\"width:100%;height:auto\"\/><div class=\"advgb-image-slider-item-info\" style=\"justify-content:center;align-items:center\"><a class=\"advgb-image-slider-overlay\" target=\"_blank\" rel=\"noopener noreferrer\" href=\"#\"><\/a><\/div><\/div><div class=\"advgb-image-slider-item\"><img decoding=\"async\" src=\"http:\/\/niehold.de\/wp-content\/uploads\/2020\/01\/IMG-20190422-WA0032.jpg\" class=\"advgb-image-slider-img\" style=\"width:100%;height:auto\"\/><div class=\"advgb-image-slider-item-info\" style=\"justify-content:center;align-items:center\"><a class=\"advgb-image-slider-overlay\" target=\"_blank\" rel=\"noopener noreferrer\" href=\"#\"><\/a><\/div><\/div><div class=\"advgb-image-slider-item\"><img decoding=\"async\" src=\"http:\/\/niehold.de\/wp-content\/uploads\/2020\/01\/IMG-20190422-WA0035.jpg\" class=\"advgb-image-slider-img\" style=\"width:100%;height:auto\"\/><div class=\"advgb-image-slider-item-info\" style=\"justify-content:center;align-items:center\"><a class=\"advgb-image-slider-overlay\" target=\"_blank\" rel=\"noopener noreferrer\" href=\"#\"><\/a><\/div><\/div><div class=\"advgb-image-slider-item\"><img decoding=\"async\" src=\"http:\/\/niehold.de\/wp-content\/uploads\/2020\/01\/DSC_0221-scaled.jpg\" class=\"advgb-image-slider-img\" style=\"width:100%;height:auto\"\/><div class=\"advgb-image-slider-item-info\" style=\"justify-content:center;align-items:center\"><a class=\"advgb-image-slider-overlay\" target=\"_blank\" rel=\"noopener noreferrer\" href=\"#\"><\/a><\/div><\/div><div class=\"advgb-image-slider-item\"><img decoding=\"async\" src=\"http:\/\/niehold.de\/wp-content\/uploads\/2018\/12\/DSC_0002.jpg\" class=\"advgb-image-slider-img\" style=\"width:100%;height:auto\"\/><div class=\"advgb-image-slider-item-info\" style=\"justify-content:center;align-items:center\"><a class=\"advgb-image-slider-overlay\" target=\"_blank\" rel=\"noopener noreferrer\" href=\"#\"><\/a><\/div><\/div><div class=\"advgb-image-slider-item\"><img decoding=\"async\" src=\"http:\/\/niehold.de\/wp-content\/uploads\/2018\/12\/P8080029.jpg\" class=\"advgb-image-slider-img\" style=\"width:100%;height:auto\"\/><div class=\"advgb-image-slider-item-info\" style=\"justify-content:center;align-items:center\"><a class=\"advgb-image-slider-overlay\" target=\"_blank\" rel=\"noopener noreferrer\" href=\"#\"><\/a><\/div><\/div><div class=\"advgb-image-slider-item\"><img decoding=\"async\" src=\"http:\/\/niehold.de\/wp-content\/uploads\/2018\/12\/P8080023.jpg\" class=\"advgb-image-slider-img\" style=\"width:100%;height:auto\"\/><div class=\"advgb-image-slider-item-info\" style=\"justify-content:center;align-items:center\"><a class=\"advgb-image-slider-overlay\" target=\"_blank\" rel=\"noopener noreferrer\" href=\"#\"><\/a><\/div><\/div><div class=\"advgb-image-slider-item\"><img decoding=\"async\" src=\"http:\/\/niehold.de\/wp-content\/uploads\/2018\/12\/DSC_0428.jpg\" class=\"advgb-image-slider-img\" style=\"width:100%;height:auto\"\/><div class=\"advgb-image-slider-item-info\" style=\"justify-content:center;align-items:center\"><a class=\"advgb-image-slider-overlay\" target=\"_blank\" rel=\"noopener noreferrer\" href=\"#\"><\/a><\/div><\/div><div class=\"advgb-image-slider-item\"><img decoding=\"async\" src=\"http:\/\/niehold.de\/wp-content\/uploads\/2018\/12\/DSC_0420.jpg\" class=\"advgb-image-slider-img\" style=\"width:100%;height:auto\"\/><div class=\"advgb-image-slider-item-info\" style=\"justify-content:center;align-items:center\"><a class=\"advgb-image-slider-overlay\" target=\"_blank\" rel=\"noopener noreferrer\" href=\"#\"><\/a><\/div><\/div><div class=\"advgb-image-slider-item\"><img decoding=\"async\" src=\"http:\/\/niehold.de\/wp-content\/uploads\/2018\/12\/DSC_0114.jpg\" class=\"advgb-image-slider-img\" style=\"width:100%;height:auto\"\/><div class=\"advgb-image-slider-item-info\" style=\"justify-content:center;align-items:center\"><a class=\"advgb-image-slider-overlay\" target=\"_blank\" rel=\"noopener noreferrer\" href=\"#\"><\/a><\/div><\/div><\/div><\/div>\n\n\n\n<p>Preise 2020<\/p>\n\n\n\n<p>Wir vermieten nur von April bis Ende September, sollten Sie au\u00dferhalb dieser <span class='hurraki_tooltip' data-title='Zeit' style='border-bottom:2px dotted #888;'>Zeit<\/span> mieten wollen kontaktieren Sie uns bitte telefonisch. <\/p>\n\n\n\n<p>Nebensaison: April, Mai und September<\/p>\n\n\n\n<p><\/p>\n\n\n\n<figure class=\"wp-block-table is-style-stripes\"><table><tbody><tr><td><\/td><td>2 Personen<\/td><td>3 Personen<\/td><td>4 Personen<\/td><td>Endreinigung<\/td><\/tr><tr><td>pro <span class='hurraki_tooltip' data-title='Tag' style='border-bottom:2px dotted #888;'>Tag<\/span><\/td><td>75 \u20ac<\/td><td>80 <\/td><td>85 \u20ac<\/td><td>40 \u20ac einmalig<\/td><\/tr><tr><td>pro Woche<\/td><td>499 \u20ac<\/td><td>539 \u20ac<\/td><td>579 \u20ac<\/td><td>40 \u20ac einmalig<\/td><\/tr><tr><td>zwei Wochen<\/td><td>959 \u20ac<\/td><td>1039 \u20ac<\/td><td>1119 \u20ac<\/td><td>40 \u20ac einmalig<\/td><\/tr><\/tbody><\/table><\/figure>\n\n\n\n<p>Hauptsaison: Juni, Juli und August<\/p>\n\n\n\n<figure class=\"wp-block-table is-style-stripes\"><table><tbody><tr><td><\/td><td>2 Personen<\/td><td>3 Personen<\/td><td>4 Personen<\/td><td>Endreinigung<\/td><\/tr><tr><td>pro Tag<\/td><td>90 \u20ac<\/td><td>95 \u20ac<\/td><td>100 \u20ac<\/td><td>40 \u20ac einmalig<\/td><\/tr><tr><td>pro Woche<\/td><td>599 \u20ac<\/td><td>639 \u20ac<\/td><td>679 \u20ac<\/td><td>40 \u20ac einmalig<\/td><\/tr><tr><td>zwei Wochen<\/td><td>1149 \u20ac<\/td><td>1219 \u20ac<\/td><td>1199 \u20ac<\/td><td>40 \u20ac einmalig<\/td><\/tr><\/tbody><\/table><\/figure>\n\n\n\n<p>Die Preise beinhalten alle Kosten f\u00fcr W-Lan, Strom und Wasser sowie Bettw\u00e4sche, jedoch keine Handt\u00fccher. <strong><mark style=\"background-color:rgba(0, 0, 0, 0)\" class=\"has-inline-color has-vivid-red-color\">Bei einer Tagesh\u00f6chstemperatur von weniger 10\u00b0C behalten wir uns vor einen Heizkostenzuschalg von 10\u20ac\/Tag zu erheben. <\/mark><\/strong><\/p>\n\n\n\n<p><br><strong>Anreise ab 16 <span class='hurraki_tooltip' data-title='Uhr' style='border-bottom:2px dotted #888;'>Uhr<\/span>; Abreise bis 10 Uhr<\/strong><\/p>\n\n\n\n<p><strong>Hinweis: das Laden eines E-Autos ist nicht m\u00f6glich!<\/strong><\/p>\n\n\n\n<p>Die Verf\u00fcgbarkeit k\u00f6nnen Sie \u00fcber folgenden Link zu <span class='hurraki_tooltip' data-title='AirBnB' style='border-bottom:2px dotted #888;'>AirBnB<\/span> einsehen und ggf. dort auch direkt buchen: <\/p>\n\n\n\n<p class=\"has-text-align-center has-normal-font-size\"><a href=\"https:\/\/www.airbnb.de\/rooms\/17232479\"><strong>Kalender ansehen und buchen<\/strong><\/a><\/p>\n","protected":false},"excerpt":{"rendered":"<p>Das Ferienhaus befindet sich in Gollin, am Ortsausgang, Richtung Vietmannsdorf, nur etwa 100 Meter bis zum Wald und 70 Meter bis zum Gro\u00dfen Gollinsee. Der Gollinsee ist ein Klarwassersee, und gilt als einer der saubersten Seen Brandenburgs. Es steht Ihnen ein Ruderboot zur Verf\u00fcgung mit dem Sie die 2,5 km lange Idylle des Sees erkunden [&hellip;]<\/p>\n","protected":false},"author":1,"featured_media":0,"parent":0,"menu_order":0,"comment_status":"closed","ping_status":"closed","template":"","meta":{"_uag_custom_page_level_css":"","advgb_blocks_editor_width":"","advgb_blocks_columns_visual_guide":"","footnotes":""},"class_list":["post-284","page","type-page","status-publish","hentry"],"uagb_featured_image_src":{"full":false,"thumbnail":false,"medium":false,"medium_large":false,"large":false,"1536x1536":false,"2048x2048":false,"post-thumbnail":false,"twentytwenty-fullscreen":false},"uagb_author_info":{"display_name":"admin","author_link":"https:\/\/niehold.de\/wordpress\/author\/admin\/"},"uagb_comment_info":0,"uagb_excerpt":"Das Ferienhaus befindet sich in Gollin, am Ortsausgang, Richtung Vietmannsdorf, nur etwa 100 Meter bis zum Wald und 70 Meter bis zum Gro\u00dfen Gollinsee. Der Gollinsee ist ein Klarwassersee, und gilt als einer der saubersten Seen Brandenburgs. Es steht Ihnen ein Ruderboot zur Verf\u00fcgung mit dem Sie die 2,5 km lange Idylle des Sees erkunden&hellip;","coauthors":[],"author_meta":{"author_link":"https:\/\/niehold.de\/wordpress\/author\/admin\/","display_name":"admin"},"relative_dates":{"created":"Posted 6\u00a0Jahren ago","modified":"Updated 3\u00a0Jahren ago"},"absolute_dates":{"created":"Posted on 25. Januar 2020","modified":"Updated on 5. November 2022"},"absolute_dates_time":{"created":"Posted on 25. Januar 2020 12:27","modified":"Updated on 5. November 2022 15:02"},"featured_img_caption":"","featured_img":false,"series_order":"","_links":{"self":[{"href":"https:\/\/niehold.de\/wordpress\/wp-json\/wp\/v2\/pages\/284","targetHints":{"allow":["GET"]}}],"collection":[{"href":"https:\/\/niehold.de\/wordpress\/wp-json\/wp\/v2\/pages"}],"about":[{"href":"https:\/\/niehold.de\/wordpress\/wp-json\/wp\/v2\/types\/page"}],"author":[{"embeddable":true,"href":"https:\/\/niehold.de\/wordpress\/wp-json\/wp\/v2\/users\/1"}],"replies":[{"embeddable":true,"href":"https:\/\/niehold.de\/wordpress\/wp-json\/wp\/v2\/comments?post=284"}],"version-history":[{"count":12,"href":"https:\/\/niehold.de\/wordpress\/wp-json\/wp\/v2\/pages\/284\/revisions"}],"predecessor-version":[{"id":445,"href":"https:\/\/niehold.de\/wordpress\/wp-json\/wp\/v2\/pages\/284\/revisions\/445"}],"wp:attachment":[{"href":"https:\/\/niehold.de\/wordpress\/wp-json\/wp\/v2\/media?parent=284"}],"curies":[{"name":"wp","href":"https:\/\/api.w.org\/{rel}","templated":true}]}}